{"id":6,"date":"2022-04-07T15:53:17","date_gmt":"2022-04-07T15:53:17","guid":{"rendered":"https:\/\/mollybiketrailer.de\/?page_id=6"},"modified":"2022-10-14T11:15:21","modified_gmt":"2022-10-14T11:15:21","slug":"startseite","status":"publish","type":"page","link":"https:\/\/mollybiketrailer.de\/","title":{"rendered":"Startseite"},"content":{"rendered":"\n<div class=\"wp-block-cover alignfull\" style=\"min-height:700px;aspect-ratio:unset;\"><span aria-hidden=\"true\" class=\"wp-block-cover__background has-background-dim-0 has-background-dim\"><\/span><img loading=\"lazy\" decoding=\"async\" width=\"2560\" height=\"1920\" class=\"wp-block-cover__image-background wp-image-31\" alt=\"\" src=\"https:\/\/mollybiketrailer.de\/wp-content\/uploads\/2022\/04\/IMG_2477-scaled.jpg\" style=\"object-position:48% 52%\" data-object-fit=\"cover\" data-object-position=\"48% 52%\" srcset=\"https:\/\/mollybiketrailer.de\/wp-content\/uploads\/2022\/04\/IMG_2477-scaled.jpg 2560w, https:\/\/mollybiketrailer.de\/wp-content\/uploads\/2022\/04\/IMG_2477-300x225.jpg 300w, https:\/\/mollybiketrailer.de\/wp-content\/uploads\/2022\/04\/IMG_2477-1024x768.jpg 1024w, https:\/\/mollybiketrailer.de\/wp-content\/uploads\/2022\/04\/IMG_2477-768x576.jpg 768w, https:\/\/mollybiketrailer.de\/wp-content\/uploads\/2022\/04\/IMG_2477-1536x1152.jpg 1536w, https:\/\/mollybiketrailer.de\/wp-content\/uploads\/2022\/04\/IMG_2477-2048x1536.jpg 2048w\" sizes=\"auto, (max-width: 2560px) 100vw, 2560px\" \/><div class=\"wp-block-cover__inner-container is-layout-flow wp-block-cover-is-layout-flow\">\n<div style=\"height:80px\" aria-hidden=\"true\" class=\"wp-block-spacer\"><\/div>\n\n\n\n<h1 class=\"has-text-align-center has-nv-site-bg-color has-text-color wp-block-heading\">MOLLY BIKE TRAILER<\/h1>\n\n\n\n<h2 class=\"has-text-align-center wp-block-heading\"><strong>Der leistungsstarke Lastenanh\u00e4nger f\u00fcr&#8217;s eBike<\/strong><\/h2>\n\n\n\n<h3 class=\"has-text-align-center has-background wp-block-heading\" style=\"background-color:#009900\">MOLLY BIKE TRAILER: Erh\u00e4ltlich im BikeStore Rhede | Bahnhofstr. 46 | 46414 Rhede<\/h3>\n\n\n\n<div style=\"height:80px\" aria-hidden=\"true\" class=\"wp-block-spacer\"><\/div>\n\n\n\n<div style=\"height:80px\" aria-hidden=\"true\" class=\"wp-block-spacer\"><\/div>\n<\/div><\/div>\n\n\n\n<div style=\"height:80px\" aria-hidden=\"true\" class=\"wp-block-spacer\"><\/div>\n\n\n\n<div class=\"wp-block-columns is-layout-flex wp-container-core-columns-is-layout-9d6595d7 wp-block-columns-is-layout-flex\">\n<div class=\"wp-block-column is-layout-flow wp-block-column-is-layout-flow\">\n<h3 class=\"has-text-align-center has-neve-text-color-color has-text-color wp-block-heading\">Gewerblich oder privat<\/h3>\n\n\n\n<p class=\"has-text-align-center\">Der MOLLY BIKE TRAILER ist der leistungsstarke Lastenanh\u00e4nger f\u00fcr&#8217;s eBike: Ob zum Hundetransport oder f\u00fcr den serviceorientierten Handwerksbetrieb \u2013 der MOLLY BIKE TRAILER hat&#8217;s drauf!<\/p>\n\n\n\n<div style=\"height:20px\" aria-hidden=\"true\" class=\"wp-block-spacer\"><\/div>\n<\/div>\n\n\n\n<div class=\"wp-block-column is-layout-flow wp-block-column-is-layout-flow\">\n<h3 class=\"has-text-align-center has-neve-text-color-color has-text-color wp-block-heading\">Klimafreundlich und nachhaltig<\/h3>\n\n\n\n<p class=\"has-text-align-center\">Die Alternative zum KFZ: F\u00fcr Einkauf, Ausfl\u00fcge, Service. Der MOLLY BIKE TRAILER sch\u00fctzt Umwelt und Klima!<\/p>\n\n\n\n<div style=\"height:20px\" aria-hidden=\"true\" class=\"wp-block-spacer\"><\/div>\n<\/div>\n\n\n\n<div class=\"wp-block-column is-layout-flow wp-block-column-is-layout-flow\">\n<h3 class=\"has-text-align-center has-neve-text-color-color has-text-color wp-block-heading\">F\u00f6rderf\u00e4hig<\/h3>\n\n\n\n<p class=\"has-text-align-center\">Zahlreiche Programme f\u00f6rdern die Anschaffung eines klimafreundlichen Lastenanh\u00e4ngers!<\/p>\n\n\n\n<div style=\"height:20px\" aria-hidden=\"true\" class=\"wp-block-spacer\"><\/div>\n<\/div>\n<\/div>\n\n\n\n<div style=\"height:80px\" aria-hidden=\"true\" class=\"wp-block-spacer\"><\/div>\n\n\n\n<div class=\"wp-block-cover alignfull is-light\" style=\"min-height:1014px;aspect-ratio:unset;\"><span aria-hidden=\"true\" class=\"wp-block-cover__background has-nv-dark-bg-background-color has-background-dim-0 has-background-dim\"><\/span><video class=\"wp-block-cover__video-background intrinsic-ignore\" autoplay muted loop playsinline src=\"https:\/\/mollybiketrailer.de\/wp-content\/uploads\/2022\/10\/MBT_Video_Vers_2.mp4\" data-object-fit=\"cover\"><\/video><div class=\"wp-block-cover__inner-container is-layout-flow wp-block-cover-is-layout-flow\">\n<div class=\"wp-block-group\"><div class=\"wp-block-group__inner-container is-layout-flow wp-block-group-is-layout-flow\">\n<div style=\"height:40px\" aria-hidden=\"true\" class=\"wp-block-spacer\"><\/div>\n<\/div><\/div>\n<\/div><\/div>\n\n\n\n<div class=\"wp-block-cover alignfull\" style=\"min-height:600px;aspect-ratio:unset;\"><span aria-hidden=\"true\" class=\"wp-block-cover__background has-nv-light-bg-background-color has-background-dim\"><\/span><div class=\"wp-block-cover__inner-container is-layout-flow wp-block-cover-is-layout-flow\">\n<div class=\"wp-block-group\"><div class=\"wp-block-group__inner-container is-layout-flow wp-block-group-is-layout-flow\">\n<div style=\"height:80px\" aria-hidden=\"true\" class=\"wp-block-spacer\"><\/div>\n\n\n\n<div class=\"wp-block-columns are-vertically-aligned-center is-layout-flex wp-container-core-columns-is-layout-9d6595d7 wp-block-columns-is-layout-flex\">\n<div class=\"wp-block-column is-vertically-aligned-center is-layout-flow wp-block-column-is-layout-flow\" style=\"flex-basis:50%\">\n<figure class=\"wp-block-image size-large\"><img loading=\"lazy\" decoding=\"async\" width=\"1024\" height=\"1024\" src=\"https:\/\/mollybiketrailer.de\/wp-content\/uploads\/2022\/04\/mbt_box_1200x1200px-1024x1024.jpg\" alt=\"\" class=\"wp-image-50\" srcset=\"https:\/\/mollybiketrailer.de\/wp-content\/uploads\/2022\/04\/mbt_box_1200x1200px-1024x1024.jpg 1024w, https:\/\/mollybiketrailer.de\/wp-content\/uploads\/2022\/04\/mbt_box_1200x1200px-300x300.jpg 300w, https:\/\/mollybiketrailer.de\/wp-content\/uploads\/2022\/04\/mbt_box_1200x1200px-150x150.jpg 150w, https:\/\/mollybiketrailer.de\/wp-content\/uploads\/2022\/04\/mbt_box_1200x1200px-768x768.jpg 768w, https:\/\/mollybiketrailer.de\/wp-content\/uploads\/2022\/04\/mbt_box_1200x1200px.jpg 1200w\" sizes=\"auto, (max-width: 1024px) 100vw, 1024px\" \/><\/figure>\n<\/div>\n\n\n\n<div class=\"wp-block-column is-vertically-aligned-center is-layout-flow wp-block-column-is-layout-flow\" style=\"flex-basis:50%\">\n<div style=\"height:20px\" aria-hidden=\"true\" class=\"wp-block-spacer\"><\/div>\n\n\n\n<h2 class=\"has-text-align-left has-neve-text-color-color has-text-color wp-block-heading\">MOLLY BIKE TRAILER<\/h2>\n\n\n\n<p class=\"has-text-align-left has-neve-text-color-color has-text-color\" style=\"font-size:17px\">Der MOLLY BIKE TRAILER ist der leistungsstarke Lastenanh\u00e4nger f\u00fcr&#8217;s eBike: Ob zum Hundetransport oder f\u00fcr den serviceorientierten Handwerksbetrieb \u2013 der MOLLY BIKE TRAILER hat&#8217;s drauf!<\/p>\n\n\n\n<div class=\"wp-block-buttons is-content-justification-left is-layout-flex wp-container-core-buttons-is-layout-fdcfc74e wp-block-buttons-is-layout-flex\">\n<div class=\"wp-block-button is-style-primary\"><a class=\"wp-block-button__link has-white-color has-text-color has-background\" href=\"https:\/\/mollybiketrailer.de\/index.php\/ueber\/\" style=\"background-color:#009900\">MEHR INFOS<\/a><\/div>\n<\/div>\n<\/div>\n<\/div>\n\n\n\n<div style=\"height:40px\" aria-hidden=\"true\" class=\"wp-block-spacer\"><\/div>\n<\/div><\/div>\n<\/div><\/div>\n\n\n\n<div class=\"wp-block-cover alignfull\" style=\"min-height:600px;aspect-ratio:unset;\"><span aria-hidden=\"true\" class=\"wp-block-cover__background has-nv-site-bg-background-color has-background-dim-100 has-background-dim\"><\/span><div class=\"wp-block-cover__inner-container is-layout-flow wp-block-cover-is-layout-flow\">\n<div class=\"wp-block-group\"><div class=\"wp-block-group__inner-container is-layout-flow wp-block-group-is-layout-flow\">\n<div style=\"height:80px\" aria-hidden=\"true\" class=\"wp-block-spacer\"><\/div>\n\n\n\n<div class=\"wp-block-columns are-vertically-aligned-center is-layout-flex wp-container-core-columns-is-layout-9d6595d7 wp-block-columns-is-layout-flex\">\n<div class=\"wp-block-column is-vertically-aligned-center is-layout-flow wp-block-column-is-layout-flow\" style=\"flex-basis:50%\">\n<h2 class=\"has-text-align-left has-neve-text-color-color has-text-color wp-block-heading\">Klimafreundlich und nachhaltig<\/h2>\n\n\n\n<p class=\"has-text-align-left has-neve-text-color-color has-text-color\" style=\"font-size:17px\">Die Alternative zum KFZ: F\u00fcr Einkauf, Ausfl\u00fcge, Service. Der MOLLY BIKE TRAILER sch\u00fctzt Umwelt und Klima!<\/p>\n\n\n\n<div class=\"wp-block-buttons is-content-justification-left is-layout-flex wp-container-core-buttons-is-layout-fdcfc74e wp-block-buttons-is-layout-flex\">\n<div class=\"wp-block-button is-style-primary\"><a class=\"wp-block-button__link has-white-color has-text-color has-background\" href=\"https:\/\/mollybiketrailer.de\/index.php\/ueber\/\" style=\"background-color:#009900\">MEHR INFOS<\/a><\/div>\n<\/div>\n\n\n\n<div style=\"height:40px\" aria-hidden=\"true\" class=\"wp-block-spacer\"><\/div>\n<\/div>\n\n\n\n<div class=\"wp-block-column is-vertically-aligned-center is-layout-flow wp-block-column-is-layout-flow\" style=\"flex-basis:50%\">\n<figure class=\"wp-block-image size-large\"><img loading=\"lazy\" decoding=\"async\" width=\"1024\" height=\"1024\" src=\"https:\/\/mollybiketrailer.de\/wp-content\/uploads\/2022\/04\/mbt_getraenke_1200x1200px-1024x1024.jpg\" alt=\"\" class=\"wp-image-53\" srcset=\"https:\/\/mollybiketrailer.de\/wp-content\/uploads\/2022\/04\/mbt_getraenke_1200x1200px-1024x1024.jpg 1024w, https:\/\/mollybiketrailer.de\/wp-content\/uploads\/2022\/04\/mbt_getraenke_1200x1200px-300x300.jpg 300w, https:\/\/mollybiketrailer.de\/wp-content\/uploads\/2022\/04\/mbt_getraenke_1200x1200px-150x150.jpg 150w, https:\/\/mollybiketrailer.de\/wp-content\/uploads\/2022\/04\/mbt_getraenke_1200x1200px-768x768.jpg 768w, https:\/\/mollybiketrailer.de\/wp-content\/uploads\/2022\/04\/mbt_getraenke_1200x1200px.jpg 1200w\" sizes=\"auto, (max-width: 1024px) 100vw, 1024px\" \/><\/figure>\n<\/div>\n<\/div>\n\n\n\n<div style=\"height:40px\" aria-hidden=\"true\" class=\"wp-block-spacer\"><\/div>\n<\/div><\/div>\n<\/div><\/div>\n\n\n\n<div class=\"wp-block-cover alignfull\" style=\"min-height:600px;aspect-ratio:unset;\"><span aria-hidden=\"true\" class=\"wp-block-cover__background has-nv-dark-bg-background-color has-background-dim-100 has-background-dim\"><\/span><div class=\"wp-block-cover__inner-container is-layout-flow wp-block-cover-is-layout-flow\">\n<div class=\"wp-block-group\"><div class=\"wp-block-group__inner-container is-layout-flow wp-block-group-is-layout-flow\">\n<div style=\"height:80px\" aria-hidden=\"true\" class=\"wp-block-spacer\"><\/div>\n\n\n\n<div class=\"wp-block-columns are-vertically-aligned-center is-layout-flex wp-container-core-columns-is-layout-9d6595d7 wp-block-columns-is-layout-flex\">\n<div class=\"wp-block-column is-vertically-aligned-center is-layout-flow wp-block-column-is-layout-flow\" style=\"flex-basis:50%\">\n<figure class=\"wp-block-image size-large\"><img loading=\"lazy\" decoding=\"async\" width=\"1024\" height=\"1024\" src=\"https:\/\/mollybiketrailer.de\/wp-content\/uploads\/2022\/04\/mbt_heck_1200x1200px-1024x1024.jpg\" alt=\"\" class=\"wp-image-56\" srcset=\"https:\/\/mollybiketrailer.de\/wp-content\/uploads\/2022\/04\/mbt_heck_1200x1200px-1024x1024.jpg 1024w, https:\/\/mollybiketrailer.de\/wp-content\/uploads\/2022\/04\/mbt_heck_1200x1200px-300x300.jpg 300w, https:\/\/mollybiketrailer.de\/wp-content\/uploads\/2022\/04\/mbt_heck_1200x1200px-150x150.jpg 150w, https:\/\/mollybiketrailer.de\/wp-content\/uploads\/2022\/04\/mbt_heck_1200x1200px-768x768.jpg 768w, https:\/\/mollybiketrailer.de\/wp-content\/uploads\/2022\/04\/mbt_heck_1200x1200px.jpg 1200w\" sizes=\"auto, (max-width: 1024px) 100vw, 1024px\" \/><\/figure>\n<\/div>\n\n\n\n<div class=\"wp-block-column is-vertically-aligned-center is-layout-flow wp-block-column-is-layout-flow\" style=\"flex-basis:50%\">\n<div style=\"height:40px\" aria-hidden=\"true\" class=\"wp-block-spacer\"><\/div>\n\n\n\n<h2 class=\"has-text-align-left has-nv-text-dark-bg-color has-text-color wp-block-heading\">F\u00f6rderf\u00e4hig<\/h2>\n\n\n\n<p class=\"has-text-align-left has-nv-text-dark-bg-color has-text-color\" style=\"font-size:17px\">Zahlreiche Programme f\u00f6rdern die Anschaffung eines klimafreundlichen Lastenanh\u00e4ngers!<\/p>\n\n\n\n<div class=\"wp-block-buttons is-content-justification-left is-layout-flex wp-container-core-buttons-is-layout-fdcfc74e wp-block-buttons-is-layout-flex\">\n<div class=\"wp-block-button is-style-primary\"><a class=\"wp-block-button__link has-white-color has-text-color has-background\" href=\"https:\/\/mollybiketrailer.de\/index.php\/projekt-details\/\" style=\"background-color:#009900\">MEHR INFOS<\/a><\/div>\n<\/div>\n<\/div>\n<\/div>\n\n\n\n<div style=\"height:40px\" aria-hidden=\"true\" class=\"wp-block-spacer\"><\/div>\n<\/div><\/div>\n<\/div><\/div>\n\n\n\n<div style=\"height:40px\" aria-hidden=\"true\" class=\"wp-block-spacer\"><\/div>\n\n\n\n<div class=\"wp-block-cover alignfull\" style=\"min-height:420px;aspect-ratio:unset;\"><span aria-hidden=\"true\" class=\"wp-block-cover__background has-nv-light-bg-background-color has-background-dim-100 has-background-dim\"><\/span><div class=\"wp-block-cover__inner-container is-layout-flow wp-block-cover-is-layout-flow\">\n<div style=\"height:80px\" aria-hidden=\"true\" class=\"wp-block-spacer\"><\/div>\n\n\n\n<div class=\"wp-block-columns is-layout-flex wp-container-core-columns-is-layout-9d6595d7 wp-block-columns-is-layout-flex\">\n<div class=\"wp-block-column is-layout-flow wp-block-column-is-layout-flow\">\n<figure class=\"wp-block-image size-full is-resized is-style-rounded\"><img decoding=\"async\" src=\"https:\/\/mollybiketrailer.de\/wp-content\/uploads\/2022\/04\/mbt_kalle_160x160px.jpg\" alt=\"\" class=\"wp-image-64\" width=\"80\" srcset=\"https:\/\/mollybiketrailer.de\/wp-content\/uploads\/2022\/04\/mbt_kalle_160x160px.jpg 160w, https:\/\/mollybiketrailer.de\/wp-content\/uploads\/2022\/04\/mbt_kalle_160x160px-150x150.jpg 150w\" sizes=\"(max-width: 160px) 100vw, 160px\" \/><\/figure>\n\n\n\n<p class=\"has-text-align-left has-neve-text-color-color has-text-color has-normal-font-size\">\u201cIdeal f\u00fcr gro\u00dfe Hunde wie unseren Berner Sennenhund Kalle!\u201d<\/p>\n\n\n\n<p class=\"has-neve-text-color-color has-text-color\">W. SCHIERENBERG<\/p>\n\n\n\n<div style=\"height:20px\" aria-hidden=\"true\" class=\"wp-block-spacer\"><\/div>\n<\/div>\n\n\n\n<div class=\"wp-block-column is-layout-flow wp-block-column-is-layout-flow\">\n<figure class=\"wp-block-image size-full is-resized is-style-rounded\"><img decoding=\"async\" src=\"https:\/\/mollybiketrailer.de\/wp-content\/uploads\/2022\/04\/mbt_maler_160x160px.jpg\" alt=\"\" class=\"wp-image-65\" width=\"80\" srcset=\"https:\/\/mollybiketrailer.de\/wp-content\/uploads\/2022\/04\/mbt_maler_160x160px.jpg 160w, https:\/\/mollybiketrailer.de\/wp-content\/uploads\/2022\/04\/mbt_maler_160x160px-150x150.jpg 150w\" sizes=\"(max-width: 160px) 100vw, 160px\" \/><\/figure>\n\n\n\n<p class=\"has-text-align-left has-neve-text-color-color has-text-color has-normal-font-size\">\u201cKleinere Maler-Auftr\u00e4ge erledige ich nur noch mit dem MOLLY BIKE TRAILER\u201d<\/p>\n\n\n\n<p class=\"has-neve-text-color-color has-text-color\">P. FRERICH<\/p>\n\n\n\n<div style=\"height:20px\" aria-hidden=\"true\" class=\"wp-block-spacer\"><\/div>\n<\/div>\n\n\n\n<div class=\"wp-block-column is-layout-flow wp-block-column-is-layout-flow\">\n<figure class=\"wp-block-image size-full is-resized is-style-rounded\"><img decoding=\"async\" src=\"https:\/\/mollybiketrailer.de\/wp-content\/uploads\/2022\/04\/mbt_einkauf_160x160px.jpg\" alt=\"\" class=\"wp-image-68\" width=\"80\" srcset=\"https:\/\/mollybiketrailer.de\/wp-content\/uploads\/2022\/04\/mbt_einkauf_160x160px.jpg 160w, https:\/\/mollybiketrailer.de\/wp-content\/uploads\/2022\/04\/mbt_einkauf_160x160px-150x150.jpg 150w\" sizes=\"(max-width: 160px) 100vw, 160px\" \/><\/figure>\n\n\n\n<p class=\"has-text-align-left has-neve-text-color-color has-text-color has-normal-font-size\">\u201cMit dem MOLLY BIKE TRAILER l\u00e4sst sich der komplette Wocheneinkauf erledigen\u201d<\/p>\n\n\n\n<p class=\"has-neve-text-color-color has-text-color\">S. GRAEFE<\/p>\n\n\n\n<div style=\"height:20px\" aria-hidden=\"true\" class=\"wp-block-spacer\"><\/div>\n<\/div>\n<\/div>\n\n\n\n<div style=\"height:30px\" aria-hidden=\"true\" class=\"wp-block-spacer\"><\/div>\n<\/div><\/div>\n\n\n\n<div class=\"wp-block-cover alignfull\" style=\"min-height:300px;aspect-ratio:unset;\"><span aria-hidden=\"true\" class=\"wp-block-cover__background has-background-dim-100 has-background-dim\" style=\"background-color:#009900\"><\/span><div class=\"wp-block-cover__inner-container is-layout-flow wp-block-cover-is-layout-flow\">\n<div style=\"height:140px\" aria-hidden=\"true\" class=\"wp-block-spacer\"><\/div>\n\n\n\n<h2 class=\"has-text-align-center has-nv-text-dark-bg-color has-text-color wp-block-heading\">Der leistungsstarke Lastenanh\u00e4nger f\u00fcr&#8217;s eBike!<\/h2>\n\n\n\n<p class=\"has-text-align-center has-medium-font-size\">Langlebig, hochwertig, nachhaltig \u2013 jetzt Kontakt aufnehmen!<\/p>\n\n\n\n<div class=\"wp-block-buttons is-content-justification-center is-layout-flex wp-container-core-buttons-is-layout-16018d1d wp-block-buttons-is-layout-flex\">\n<div class=\"wp-block-button is-style-primary\"><a class=\"wp-block-button__link has-white-background-color has-background\" href=\"tel:+4928729535909\">ANRUFEN!<\/a><\/div>\n<\/div>\n\n\n\n<div style=\"height:140px\" aria-hidden=\"true\" class=\"wp-block-spacer\"><\/div>\n<\/div><\/div>\n","protected":false},"excerpt":{"rendered":"<p>Gewerblich oder privat Der MOLLY BIKE TRAILER ist der leistungsstarke Lastenanh\u00e4nger f\u00fcr&#8217;s eBike: Ob zum Hundetransport oder f\u00fcr den serviceorientierten Handwerksbetrieb \u2013 der MOLLY BIKE TRAILER hat&#8217;s drauf! Klimafreundlich und nachhaltig Die Alternative zum KFZ: F\u00fcr Einkauf, Ausfl\u00fcge, Service. Der MOLLY BIKE TRAILER sch\u00fctzt Umwelt und Klima! F\u00f6rderf\u00e4hig Zahlreiche Programme f\u00f6rdern die Anschaffung eines klimafreundlichen&hellip;&nbsp;<a href=\"https:\/\/mollybiketrailer.de\/\" class=\"\" rel=\"bookmark\">Weiterlesen &raquo;<span class=\"screen-reader-text\">Startseite<\/span><\/a><\/p>\n","protected":false},"author":2,"featured_media":0,"parent":0,"menu_order":0,"comment_status":"closed","ping_status":"closed","template":"","meta":{"neve_meta_sidebar":"","neve_meta_container":"","neve_meta_enable_content_width":"on","neve_meta_content_width":100,"neve_meta_title_alignment":"","neve_meta_author_avatar":"","neve_post_elements_order":"","neve_meta_disable_header":"","neve_meta_disable_footer":"","neve_meta_disable_title":"on","footnotes":""},"class_list":["post-6","page","type-page","status-publish","hentry"],"_links":{"self":[{"href":"https:\/\/mollybiketrailer.de\/index.php\/wp-json\/wp\/v2\/pages\/6","targetHints":{"allow":["GET"]}}],"collection":[{"href":"https:\/\/mollybiketrailer.de\/index.php\/wp-json\/wp\/v2\/pages"}],"about":[{"href":"https:\/\/mollybiketrailer.de\/index.php\/wp-json\/wp\/v2\/types\/page"}],"author":[{"embeddable":true,"href":"https:\/\/mollybiketrailer.de\/index.php\/wp-json\/wp\/v2\/users\/2"}],"replies":[{"embeddable":true,"href":"https:\/\/mollybiketrailer.de\/index.php\/wp-json\/wp\/v2\/comments?post=6"}],"version-history":[{"count":28,"href":"https:\/\/mollybiketrailer.de\/index.php\/wp-json\/wp\/v2\/pages\/6\/revisions"}],"predecessor-version":[{"id":165,"href":"https:\/\/mollybiketrailer.de\/index.php\/wp-json\/wp\/v2\/pages\/6\/revisions\/165"}],"wp:attachment":[{"href":"https:\/\/mollybiketrailer.de\/index.php\/wp-json\/wp\/v2\/media?parent=6"}],"curies":[{"name":"wp","href":"https:\/\/api.w.org\/{rel}","templated":true}]}}